{"id":4050,"date":"2015-11-17T17:18:18","date_gmt":"2015-11-17T15:18:18","guid":{"rendered":"http:\/\/alikochirdavat.com\/?page_id=4050"},"modified":"2015-11-17T17:25:07","modified_gmt":"2015-11-17T15:25:07","slug":"kataloglarimiz","status":"publish","type":"page","link":"https:\/\/alikochirdavat.com\/kataloglarimiz\/","title":{"rendered":"Kataloglar\u0131m\u0131z"},"content":{"rendered":"<div class=\"l-submain wpb_row\"><div class=\"l-submain-h g-html i-cf\"><div class=\"g-cols wpb_row offset_default\"><div class=\"full-width\"><div class=\"g-hr type_invisible size_huge\">\n\t\t\t\t\t\t<span class=\"g-hr-h\">\n\t\t\t\t\t\t\t<i class=\"fa fa-star\"><\/i>\n\t\t\t\t\t\t<\/span>\n\t\t\t\t\t<\/div>\n\t<div class=\"wpb_text_column \">\n\t\t<div class=\"wpb_wrapper\">\n\t\t\t\n<h1 style=\"text-align: center;\"><strong><a href=\"http:\/\/alikochirdavat.com\/alikoc-hirdavat-2015.pdf\" target=\"_blank\">KATALO\u011eUMUZU \u0130ND\u0130RMEK \u0130\u00c7\u0130N TIKLAYINIZ<\/a><\/strong><\/h1>\n\n\t\t<\/div> \n\t<\/div> <div class=\"g-hr type_invisible size_huge\">\n\t\t\t\t\t\t<span class=\"g-hr-h\">\n\t\t\t\t\t\t\t<i class=\"fa fa-star\"><\/i>\n\t\t\t\t\t\t<\/span>\n\t\t\t\t\t<\/div><\/div><\/div>\n<\/div><\/div>","protected":false},"excerpt":{"rendered":"KATALO\u011eUMUZU \u0130ND\u0130RMEK \u0130\u00c7\u0130N TIKLAYINIZ","protected":false},"author":1,"featured_media":0,"parent":0,"menu_order":0,"comment_status":"closed","ping_status":"closed","template":"","meta":{"footnotes":""},"class_list":["post-4050","page","type-page","status-publish","hentry"],"_links":{"self":[{"href":"https:\/\/alikochirdavat.com\/wp-json\/wp\/v2\/pages\/4050","targetHints":{"allow":["GET"]}}],"collection":[{"href":"https:\/\/alikochirdavat.com\/wp-json\/wp\/v2\/pages"}],"about":[{"href":"https:\/\/alikochirdavat.com\/wp-json\/wp\/v2\/types\/page"}],"author":[{"embeddable":true,"href":"https:\/\/alikochirdavat.com\/wp-json\/wp\/v2\/users\/1"}],"replies":[{"embeddable":true,"href":"https:\/\/alikochirdavat.com\/wp-json\/wp\/v2\/comments?post=4050"}],"version-history":[{"count":0,"href":"https:\/\/alikochirdavat.com\/wp-json\/wp\/v2\/pages\/4050\/revisions"}],"wp:attachment":[{"href":"https:\/\/alikochirdavat.com\/wp-json\/wp\/v2\/media?parent=4050"}],"curies":[{"name":"wp","href":"https:\/\/api.w.org\/{rel}","templated":true}]}}